{"id":158,"date":"2021-03-31T06:20:00","date_gmt":"2021-03-31T06:20:00","guid":{"rendered":"http:\/\/grandorient.world\/?page_id=158"},"modified":"2022-01-10T07:53:18","modified_gmt":"2022-01-10T07:53:18","slug":"g-m","status":"publish","type":"page","link":"http:\/\/grandoriente.eu\/?page_id=158","title":{"rendered":"G.M."},"content":{"rendered":"\n<p>Nicola N. \u00e8 nato il 10 settembre 1975, svolge l\u2019attivit\u00e0 professionale di ingegnere con autorit\u00e0 e successo. Il che gli ha consentito di instaurare solide relazioni anche in ambito sociale, istituzionale e diplomatico tanto a livello nazionale, quanto a livello internazionale.<br>Il 13 settembre del 2008 \u00e8 stato iniziato alla R:.L:.  Phoenix all\u2019Oriente di Arezzo. Nell\u2019Ordine, ha ricoperto importanti funzioni. Per limitarsi a quelle pi\u00f9 significative: \u00e8 stato nominato Delegato della Regione Toscana il 28 novembre 2008, carica nel tempo ripetutamente confermato. E\u2019 stato Tesoriere Nazionale e, da ultimo, Delegato in Romania e Svizzera.<br>Nel Rito, il 18 marzo 2009, \u00e8 stato elevato al 33\u00b0 ed Ultimo Grado della Piramide Scozzese. In data 31 marzo 2009 \u00e8 stato nominato Membro Effettivo del Supremo Consiglio. Il 20 maggio 2010, \u00e8 stato nominato Luogotenente Sovrano Gran Commendatore Gran Maestro.<br>Il 19 giugno 2010, \u00e8 stato eletto Sovrano Gran Commendatore Gran Maestro con scrutinio segreto e con il 100% delle preferenze. Relatore in diversi Congressi e in numerose Conferenze si \u00e8 sempre espresso con competenza e vigore argomentativo. Il totale suffragio elettorale raccolto, oltre che per le innate doti di equilibrio e per le riconosciute e apprezzate capacit\u00e0 organizzative e gestionali, costituisce il giusto e naturale riconoscimento ad una completa dedizione alla Comunione, allo sviluppo della quale il Fratello Nicola ha sempre riservato tutte le sue migliori energie e le sue competenze.<br>Il 22 settembre 2011, grazie alle sue cariche cavalleresche nell&#8217;ordine cavalleresco NOCSRI, gi\u00e0 nominato GranDuca Gran Cavaliere di Gran croce Principe di Locarno nel 1997, riesce a fondere le due associazioni in un unica associazione massonica denominata GOU, Grande Oriente Universale.<br>Il Fr:.Nicola N. si \u00e8 sempre particolarmente distinto con cuore generoso e gesti di straordinaria umana e autentica solidariet\u00e0.<\/p>\n","protected":false},"excerpt":{"rendered":"<p>Nicola N. \u00e8 nato il 10 settembre 1975, svolge l\u2019attivit\u00e0 professionale di ingegnere con autorit\u00e0 e successo. Il che gli ha consentito di instaurare solide relazioni anche in ambito sociale, istituzionale e diplomatico tanto a livello nazionale, quanto a livello internazionale.Il 13 settembre del 2008 \u00e8 stato iniziato alla R:.L:. Phoenix all\u2019Oriente di Arezzo. Nell\u2019Ordine, [&hellip;]<\/p>\n","protected":false},"author":1,"featured_media":0,"parent":0,"menu_order":0,"comment_status":"closed","ping_status":"closed","template":"","meta":{"_joinchat":[],"footnotes":""},"class_list":["post-158","page","type-page","status-publish","hentry"],"_links":{"self":[{"href":"http:\/\/grandoriente.eu\/index.php?rest_route=\/wp\/v2\/pages\/158","targetHints":{"allow":["GET"]}}],"collection":[{"href":"http:\/\/grandoriente.eu\/index.php?rest_route=\/wp\/v2\/pages"}],"about":[{"href":"http:\/\/grandoriente.eu\/index.php?rest_route=\/wp\/v2\/types\/page"}],"author":[{"embeddable":true,"href":"http:\/\/grandoriente.eu\/index.php?rest_route=\/wp\/v2\/users\/1"}],"replies":[{"embeddable":true,"href":"http:\/\/grandoriente.eu\/index.php?rest_route=%2Fwp%2Fv2%2Fcomments&post=158"}],"version-history":[{"count":2,"href":"http:\/\/grandoriente.eu\/index.php?rest_route=\/wp\/v2\/pages\/158\/revisions"}],"predecessor-version":[{"id":161,"href":"http:\/\/grandoriente.eu\/index.php?rest_route=\/wp\/v2\/pages\/158\/revisions\/161"}],"wp:attachment":[{"href":"http:\/\/grandoriente.eu\/index.php?rest_route=%2Fwp%2Fv2%2Fmedia&parent=158"}],"curies":[{"name":"wp","href":"https:\/\/api.w.org\/{rel}","templated":true}]}}